{"id":642,"date":"2021-11-23T17:30:34","date_gmt":"2021-11-23T17:30:34","guid":{"rendered":"http:\/\/kalofiber.mx\/?page_id=642"},"modified":"2021-11-23T18:05:01","modified_gmt":"2021-11-23T18:05:01","slug":"refund_returns","status":"publish","type":"page","link":"https:\/\/kalofiber.mx\/index.php\/refund_returns\/","title":{"rendered":"Refund and Returns Policy"},"content":{"rendered":"\t\t<div data-elementor-type=\"wp-page\" data-elementor-id=\"642\" class=\"elementor elementor-642\">\n\t\t\t\t\t\t\t\t\t<section class=\"elementor-section elementor-top-section elementor-element elementor-element-21bd57d6 elementor-section-boxed elementor-section-height-default elementor-section-height-default\" data-id=\"21bd57d6\" data-element_type=\"section\">\n\t\t\t\t\t\t<div class=\"elementor-container elementor-column-gap-default\">\n\t\t\t\t\t<div class=\"elementor-column elementor-col-100 elementor-top-column elementor-element elementor-element-4cd732a0\" data-id=\"4cd732a0\" data-element_type=\"column\">\n\t\t\t<div class=\"elementor-widget-wrap elementor-element-populated\">\n\t\t\t\t\t\t\t\t<div class=\"elementor-element elementor-element-7e5da634 elementor-widget elementor-widget-text-editor\" data-id=\"7e5da634\" data-element_type=\"widget\" data-widget_type=\"text-editor.default\">\n\t\t\t\t<div class=\"elementor-widget-container\">\n\t\t\t\t\t\t\t<h4><strong>Pol\u00edtica de devoluciones y reembolsos<\/strong><\/h4>\n<p>&#8212;-<\/p>\n<h4>Generalidades<\/h4>\n<p>Para todas las compras realizadas por <a href=\"http:\/\/www.kalofiber.mx\">www.kalofiber.mx<\/a> Nuestra pol\u00edtica de reclamos y devoluciones tiene una vigencia de 30 d\u00edas a partir del d\u00eda que realizo la compra. Si pasaron 30 d\u00edas desde su compra, desafortunadamente no podemos ofrecerle un reembolso ni un cambio.<\/p>\n<p>Para ser elegible para una devoluci\u00f3n, su art\u00edculo debe estar sin usar y en la misma condici\u00f3n en que lo recibi\u00f3. Tambi\u00e9n debe estar en el embalaje original.<\/p>\n<p>El envio de la mercanc\u00eda a nuestras oficinas queda a cargo y responsabilidad del comprador. No existe devoluci\u00f3n en gastos de env\u00edo.<\/p>\n<p>\u00a0<\/p>\n<p>Varios tipos de productos est\u00e1n exentos de devoluci\u00f3n como<\/p>\n<p>* Tarjetas de regalo<\/p>\n<p>*Productos de software descargables<\/p>\n<p>\u00a0<\/p>\n<p>Para completar su devoluci\u00f3n, necesitamos un recibo o comprobante de compra.<\/p>\n<p>\u00a0<\/p>\n<p>Hay ciertas situaciones en las que solo se otorgan reembolsos parciales: (si corresponde)<\/p>\n<p>* Cualquier art\u00edculo que no se encuentre en su estado original, est\u00e9 da\u00f1ado o le falten piezas por razones que no se deban a nuestro error.<\/p>\n<p>* Cualquier art\u00edculo devuelto m\u00e1s de 30 d\u00edas despu\u00e9s de la entrega.<\/p>\n<p>\u00a0<\/p>\n<h4><strong>Reembolsos<\/strong><\/h4>\n<p>Una vez recibida e inspeccionada su devoluci\u00f3n, le enviaremos un correo electr\u00f3nico para notificarle que recibimos el art\u00edculo que devolvi\u00f3. Tambi\u00e9n le notificaremos sobre la aprobaci\u00f3n o el rechazo de su reembolso.<\/p>\n<p>Si se aprueba, se procesar\u00e1 su reembolso y se aplicar\u00e1 un cr\u00e9dito autom\u00e1ticamente en su tarjeta de cr\u00e9dito o m\u00e9todo de pago original, dentro de una cierta cantidad de d\u00edas.<\/p>\n<p>\u00a0<\/p>\n<h4><strong>Reembolsos tard\u00edos o faltantes<\/strong><\/h4>\n<p>Si a\u00fan no recibi\u00f3 un reembolso, primero revise de nuevo su cuenta bancaria.<\/p>\n<p>Luego, comun\u00edquese con la empresa de su tarjeta de cr\u00e9dito. Puede demorar alg\u00fan tiempo antes de que su reembolso se vea reflejado de manera oficial.<\/p>\n<p>Despu\u00e9s, contacte a su banco. A menudo es necesario un tiempo de procesamiento antes de poder ver reflejado un reembolso.<\/p>\n<p>Si ya hizo todo lo anterior y a\u00fan no recibi\u00f3 su reembolso, puede contactarnos escribiendo a kalofiber@gmail.com.<\/p>\n<p>\u00a0<\/p>\n<h4><strong>Art\u00edculos en oferta<\/strong><\/h4>\n<p>Solo se pueden reembolsar los art\u00edculos de precio normal. Lamentablemente, no se pueden reembolsar los art\u00edculos en oferta.<\/p>\n<p>\u00a0<\/p>\n<h4><strong>Cambios<\/strong><\/h4>\n<p>Solo reemplazamos los art\u00edculos si est\u00e1n defectuosos o da\u00f1ados.\u00a0 Si necesita cambiarlo por el mismo art\u00edculo, env\u00edenos un correo electr\u00f3nico a kalofiber@gmail.com y env\u00ede su art\u00edculo a:<\/p>\n<p>Av Pablo Neruda 4341. Int I-15, Plaza Universidad, Universitaria, 45180 Zapopan, Jal.<\/p>\n<p>\u00a0<\/p>\n<h4><strong>Regalos<\/strong><\/h4>\n<p>Si el art\u00edculo estaba marcado como regalo cuando se compr\u00f3 y se lo enviamos directamente a usted, recibir\u00e1 un cr\u00e9dito de regalo por el valor de su devoluci\u00f3n. Una vez que recibamos el art\u00edculo devuelto, se le enviar\u00e1 un certificado de regalo por correo.<\/p>\n<p>\u00a0<\/p>\n<p>Si el art\u00edculo no estaba marcado como regalo cuando se compr\u00f3, o si la persona que hizo el regalo decidi\u00f3 que le enviaran el pedido para luego d\u00e1rselo a usted, le enviaremos un reembolso a la persona que hizo el regalo y se enterar\u00e1 de su devoluci\u00f3n.<\/p>\n<p>\u00a0<\/p>\n<h4><strong>Env\u00edo<\/strong><\/h4>\n<p>Para devolver su producto, debe enviarlo por correo a: Av Pablo Neruda 4341. Int I-15, Plaza Universidad, Universitaria, 45180 Zapopan, Jal.<\/p>\n<p>Los costos de env\u00edo para devolver su art\u00edculo corren por su cuenta. Los costos de env\u00edo no son reembolsables. Si recibe un reembolso, el costo de env\u00edo de la devoluci\u00f3n se deducir\u00e1 de su reembolso.<\/p>\n<p>\u00a0<\/p>\n<p>Seg\u00fan d\u00f3nde viva, el tiempo que tome recibir el cambio de su producto puede variar.<\/p>\n<p>\u00a0<\/p>\n<p>Si env\u00eda un art\u00edculo de m\u00e1s de $75, se recomienda usar un servicio de env\u00edo con seguimiento o comprar un seguro de env\u00edo. No garantizamos que recibiremos la devoluci\u00f3n de su art\u00edculo.<\/p>\n<h4>\u00a0<\/h4>\n<h4>Cont\u00e1ctenos<\/h4>\n<p>Para obtener m\u00e1s informaci\u00f3n sobre nuestras pr\u00e1cticas de privacidad, si tiene alguna pregunta o si desea presentar una queja, cont\u00e1ctenos por correo electr\u00f3nico a kalofiber@gmail.com.<\/p>\n<p>\u00a0<\/p>\t\t\t\t\t\t<\/div>\n\t\t\t\t<\/div>\n\t\t\t\t\t<\/div>\n\t\t<\/div>\n\t\t\t\t\t\t\t<\/div>\n\t\t<\/section>\n\t\t\t\t\t\t\t<\/div>\n\t\t","protected":false},"excerpt":{"rendered":"<p>Pol\u00edtica de devoluciones y reembolsos &#8212;- Generalidades Para todas las compras realizadas por www.kalofiber.mx Nuestra pol\u00edtica de reclamos y devoluciones tiene una vigencia de 30 d\u00edas a partir del d\u00eda que realizo la compra. Si pasaron 30 d\u00edas desde su compra, desafortunadamente no podemos ofrecerle un reembolso ni un cambio. Para ser elegible para una [&hellip;]<\/p>\n","protected":false},"author":1,"featured_media":0,"parent":0,"menu_order":0,"comment_status":"closed","ping_status":"closed","template":"","meta":{"_mi_skip_tracking":false,"site-sidebar-layout":"default","site-content-layout":"default","ast-site-content-layout":"","site-content-style":"default","site-sidebar-style":"default","ast-global-header-display":"","ast-banner-title-visibility":"","ast-main-header-display":"","ast-hfb-above-header-display":"","ast-hfb-below-header-display":"","ast-hfb-mobile-header-display":"","site-post-title":"","ast-breadcrumbs-content":"","ast-featured-img":"","footer-sml-layout":"","theme-transparent-header-meta":"default","adv-header-id-meta":"","stick-header-meta":"","header-above-stick-meta":"","header-main-stick-meta":"","header-below-stick-meta":"","astra-migrate-meta-layouts":"default","ast-page-background-enabled":"default","ast-page-background-meta":{"desktop":{"background-color":"var(--ast-global-color-4)","background-image":"","background-repeat":"repeat","background-position":"center center","background-size":"auto","background-attachment":"scroll","background-type":"","background-media":"","overlay-type":"","overlay-color":"","overlay-gradient":""},"tablet":{"background-color":"","background-image":"","background-repeat":"repeat","background-position":"center center","background-size":"auto","background-attachment":"scroll","background-type":"","background-media":"","overlay-type":"","overlay-color":"","overlay-gradient":""},"mobile":{"background-color":"","background-image":"","background-repeat":"repeat","background-position":"center center","background-size":"auto","background-attachment":"scroll","background-type":"","background-media":"","overlay-type":"","overlay-color":"","overlay-gradient":""}},"ast-content-background-meta":{"desktop":{"background-color":"var(--ast-global-color-5)","background-image":"","background-repeat":"repeat","background-position":"center center","background-size":"auto","background-attachment":"scroll","background-type":"","background-media":"","overlay-type":"","overlay-color":"","overlay-gradient":""},"tablet":{"background-color":"var(--ast-global-color-5)","background-image":"","background-repeat":"repeat","background-position":"center center","background-size":"auto","background-attachment":"scroll","background-type":"","background-media":"","overlay-type":"","overlay-color":"","overlay-gradient":""},"mobile":{"background-color":"var(--ast-global-color-5)","background-image":"","background-repeat":"repeat","background-position":"center center","background-size":"auto","background-attachment":"scroll","background-type":"","background-media":"","overlay-type":"","overlay-color":"","overlay-gradient":""}},"spay_email":"","footnotes":""},"aioseo_notices":[],"_links":{"self":[{"href":"https:\/\/kalofiber.mx\/index.php\/wp-json\/wp\/v2\/pages\/642"}],"collection":[{"href":"https:\/\/kalofiber.mx\/index.php\/wp-json\/wp\/v2\/pages"}],"about":[{"href":"https:\/\/kalofiber.mx\/index.php\/wp-json\/wp\/v2\/types\/page"}],"author":[{"embeddable":true,"href":"https:\/\/kalofiber.mx\/index.php\/wp-json\/wp\/v2\/users\/1"}],"replies":[{"embeddable":true,"href":"https:\/\/kalofiber.mx\/index.php\/wp-json\/wp\/v2\/comments?post=642"}],"version-history":[{"count":3,"href":"https:\/\/kalofiber.mx\/index.php\/wp-json\/wp\/v2\/pages\/642\/revisions"}],"predecessor-version":[{"id":827,"href":"https:\/\/kalofiber.mx\/index.php\/wp-json\/wp\/v2\/pages\/642\/revisions\/827"}],"wp:attachment":[{"href":"https:\/\/kalofiber.mx\/index.php\/wp-json\/wp\/v2\/media?parent=642"}],"curies":[{"name":"wp","href":"https:\/\/api.w.org\/{rel}","templated":true}]}}