{"id":1776,"date":"2025-05-20T14:51:35","date_gmt":"2025-05-20T14:51:35","guid":{"rendered":"https:\/\/kalofiber.mx\/?post_type=product&#038;p=1776"},"modified":"2025-06-26T22:16:33","modified_gmt":"2025-06-26T22:16:33","slug":"patron-canasto-almacenaje-colgante","status":"publish","type":"product","link":"https:\/\/kalofiber.mx\/index.php\/producto\/patron-canasto-almacenaje-colgante\/","title":{"rendered":"Patr\u00f3n Canasto Almacenaje"},"content":{"rendered":"<p>Patr\u00f3n de Canasto Almacenaje Colgante<\/p>\n<p>Gu\u00eda sencilla para tejer canasto de almacenaje, para organizar espacios, decoraci\u00f3n en ba\u00f1os, cocinas y habitaciones.<\/p>\n<p>Contiene explicaci\u00f3n ilustrada como hacer los puntos necesarios para el proyecto.<\/p>\n<p>No necesitas ser experto para hacerlos, el nivel de dificualtad: poca.<\/p>\n<p>Formato PDF Ilustrado paso a paso<\/p>\n<p>Idioma: Espa\u00f1ol<\/p>\n<p>&nbsp;<\/p>\n","protected":false},"excerpt":{"rendered":"<p><img fetchpriority=\"high\" decoding=\"async\" class=\"alignnone size-medium wp-image-1777\" src=\"https:\/\/kalofiber.mx\/wp-content\/uploads\/2025\/05\/PORTADO-DEL-PDF-225x300.jpg\" alt=\"\" width=\"225\" height=\"300\" srcset=\"https:\/\/i1.wp.com\/kalofiber.mx\/wp-content\/uploads\/2025\/05\/PORTADO-DEL-PDF-scaled.jpg?resize=225%2C300&amp;ssl=1 225w, https:\/\/i1.wp.com\/kalofiber.mx\/wp-content\/uploads\/2025\/05\/PORTADO-DEL-PDF-scaled.jpg?resize=768%2C1024&amp;ssl=1 768w, https:\/\/i1.wp.com\/kalofiber.mx\/wp-content\/uploads\/2025\/05\/PORTADO-DEL-PDF-scaled.jpg?resize=1152%2C1536&amp;ssl=1 1152w, https:\/\/i1.wp.com\/kalofiber.mx\/wp-content\/uploads\/2025\/05\/PORTADO-DEL-PDF-scaled.jpg?resize=1536%2C2048&amp;ssl=1 1536w, https:\/\/i1.wp.com\/kalofiber.mx\/wp-content\/uploads\/2025\/05\/PORTADO-DEL-PDF-scaled.jpg?resize=600%2C800&amp;ssl=1 600w, https:\/\/i1.wp.com\/kalofiber.mx\/wp-content\/uploads\/2025\/05\/PORTADO-DEL-PDF-scaled.jpg?w=1920&amp;ssl=1 1920w\" sizes=\"(max-width: 225px) 100vw, 225px\" \/><\/p>\n","protected":false},"featured_media":1777,"comment_status":"open","ping_status":"closed","template":"","meta":{"_mi_skip_tracking":false,"site-sidebar-layout":"default","site-content-layout":"","ast-site-content-layout":"default","site-content-style":"default","site-sidebar-style":"default","ast-global-header-display":"","ast-banner-title-visibility":"","ast-main-header-display":"","ast-hfb-above-header-display":"","ast-hfb-below-header-display":"","ast-hfb-mobile-header-display":"","site-post-title":"","ast-breadcrumbs-content":"","ast-featured-img":"","footer-sml-layout":"","theme-transparent-header-meta":"default","adv-header-id-meta":"","stick-header-meta":"","header-above-stick-meta":"","header-main-stick-meta":"","header-below-stick-meta":"","astra-migrate-meta-layouts":"set","ast-page-background-enabled":"default","ast-page-background-meta":{"desktop":{"background-color":"var(--ast-global-color-4)","background-image":"","background-repeat":"repeat","background-position":"center center","background-size":"auto","background-attachment":"scroll","background-type":"","background-media":"","overlay-type":"","overlay-color":"","overlay-gradient":""},"tablet":{"background-color":"","background-image":"","background-repeat":"repeat","background-position":"center center","background-size":"auto","background-attachment":"scroll","background-type":"","background-media":"","overlay-type":"","overlay-color":"","overlay-gradient":""},"mobile":{"background-color":"","background-image":"","background-repeat":"repeat","background-position":"center center","background-size":"auto","background-attachment":"scroll","background-type":"","background-media":"","overlay-type":"","overlay-color":"","overlay-gradient":""}},"ast-content-background-meta":{"desktop":{"background-color":"var(--ast-global-color-5)","background-image":"","background-repeat":"repeat","background-position":"center center","background-size":"auto","background-attachment":"scroll","background-type":"","background-media":"","overlay-type":"","overlay-color":"","overlay-gradient":""},"tablet":{"background-color":"var(--ast-global-color-5)","background-image":"","background-repeat":"repeat","background-position":"center center","background-size":"auto","background-attachment":"scroll","background-type":"","background-media":"","overlay-type":"","overlay-color":"","overlay-gradient":""},"mobile":{"background-color":"var(--ast-global-color-5)","background-image":"","background-repeat":"repeat","background-position":"center center","background-size":"auto","background-attachment":"scroll","background-type":"","background-media":"","overlay-type":"","overlay-color":"","overlay-gradient":""}},"spay_email":""},"product_cat":[41],"product_tag":[31,43,42],"aioseo_notices":[],"_links":{"self":[{"href":"https:\/\/kalofiber.mx\/index.php\/wp-json\/wp\/v2\/product\/1776"}],"collection":[{"href":"https:\/\/kalofiber.mx\/index.php\/wp-json\/wp\/v2\/product"}],"about":[{"href":"https:\/\/kalofiber.mx\/index.php\/wp-json\/wp\/v2\/types\/product"}],"replies":[{"embeddable":true,"href":"https:\/\/kalofiber.mx\/index.php\/wp-json\/wp\/v2\/comments?post=1776"}],"wp:featuredmedia":[{"embeddable":true,"href":"https:\/\/kalofiber.mx\/index.php\/wp-json\/wp\/v2\/media\/1777"}],"wp:attachment":[{"href":"https:\/\/kalofiber.mx\/index.php\/wp-json\/wp\/v2\/media?parent=1776"}],"wp:term":[{"taxonomy":"product_cat","embeddable":true,"href":"https:\/\/kalofiber.mx\/index.php\/wp-json\/wp\/v2\/product_cat?post=1776"},{"taxonomy":"product_tag","embeddable":true,"href":"https:\/\/kalofiber.mx\/index.php\/wp-json\/wp\/v2\/product_tag?post=1776"}],"curies":[{"name":"wp","href":"https:\/\/api.w.org\/{rel}","templated":true}]}}