{"id":1882,"date":"2025-07-22T19:01:17","date_gmt":"2025-07-22T19:01:17","guid":{"rendered":"https:\/\/kalofiber.mx\/?post_type=product&#038;p=1882"},"modified":"2025-07-22T22:49:38","modified_gmt":"2025-07-22T22:49:38","slug":"pantalla-lampara-flecos","status":"publish","type":"product","link":"https:\/\/kalofiber.mx\/index.php\/producto\/pantalla-lampara-flecos\/","title":{"rendered":"Pantalla L\u00e1mpara Flecos"},"content":{"rendered":"<p>Pantalla de l\u00e1mpara de flecos tejida a mano con cuerda de algod\u00f3n.<\/p>\n<p>Color:\u00a0 Caqui<\/p>\n<p>Tama\u00f1o: 3 niveles de aros, diferentes tama\u00f1os, 40x30x20 cm y de largo 50 cm de cuerda.<\/p>\n<p>Material: cuerda de algod\u00f3n natural, no fibras sint\u00e9tica.<\/p>\n<p>Recomendaci\u00f3n de uso: colocar en interiores sin exposici\u00f3n de luz solar directa o agua.<\/p>\n<p>Producto hecho a mano con material nacional por Kalofiber<\/p>\n","protected":false},"excerpt":{"rendered":"<p>Pantalla de l\u00e1mpara de flecos tejida a mano con cuerda de algod\u00f3n. Color:\u00a0 Caqui Tama\u00f1o: 3 niveles de aros, diferentes tama\u00f1os, 40x30x20 cm y de largo 50 cm de cuerda. Material: cuerda de algod\u00f3n natural, no fibras sint\u00e9tica. Recomendaci\u00f3n de uso: colocar en interiores sin exposici\u00f3n de luz solar directa o agua. Producto hecho a [&hellip;]<\/p>\n","protected":false},"featured_media":1884,"comment_status":"open","ping_status":"closed","template":"","meta":{"_mi_skip_tracking":false,"site-sidebar-layout":"default","site-content-layout":"","ast-site-content-layout":"default","site-content-style":"default","site-sidebar-style":"default","ast-global-header-display":"","ast-banner-title-visibility":"","ast-main-header-display":"","ast-hfb-above-header-display":"","ast-hfb-below-header-display":"","ast-hfb-mobile-header-display":"","site-post-title":"","ast-breadcrumbs-content":"","ast-featured-img":"","footer-sml-layout":"","theme-transparent-header-meta":"default","adv-header-id-meta":"","stick-header-meta":"","header-above-stick-meta":"","header-main-stick-meta":"","header-below-stick-meta":"","astra-migrate-meta-layouts":"set","ast-page-background-enabled":"default","ast-page-background-meta":{"desktop":{"background-color":"var(--ast-global-color-4)","background-image":"","background-repeat":"repeat","background-position":"center center","background-size":"auto","background-attachment":"scroll","background-type":"","background-media":"","overlay-type":"","overlay-color":"","overlay-gradient":""},"tablet":{"background-color":"","background-image":"","background-repeat":"repeat","background-position":"center center","background-size":"auto","background-attachment":"scroll","background-type":"","background-media":"","overlay-type":"","overlay-color":"","overlay-gradient":""},"mobile":{"background-color":"","background-image":"","background-repeat":"repeat","background-position":"center center","background-size":"auto","background-attachment":"scroll","background-type":"","background-media":"","overlay-type":"","overlay-color":"","overlay-gradient":""}},"ast-content-background-meta":{"desktop":{"background-color":"var(--ast-global-color-5)","background-image":"","background-repeat":"repeat","background-position":"center center","background-size":"auto","background-attachment":"scroll","background-type":"","background-media":"","overlay-type":"","overlay-color":"","overlay-gradient":""},"tablet":{"background-color":"var(--ast-global-color-5)","background-image":"","background-repeat":"repeat","background-position":"center center","background-size":"auto","background-attachment":"scroll","background-type":"","background-media":"","overlay-type":"","overlay-color":"","overlay-gradient":""},"mobile":{"background-color":"var(--ast-global-color-5)","background-image":"","background-repeat":"repeat","background-position":"center center","background-size":"auto","background-attachment":"scroll","background-type":"","background-media":"","overlay-type":"","overlay-color":"","overlay-gradient":""}},"spay_email":""},"product_cat":[28],"product_tag":[44,31,46,47,45],"aioseo_notices":[],"_links":{"self":[{"href":"https:\/\/kalofiber.mx\/index.php\/wp-json\/wp\/v2\/product\/1882"}],"collection":[{"href":"https:\/\/kalofiber.mx\/index.php\/wp-json\/wp\/v2\/product"}],"about":[{"href":"https:\/\/kalofiber.mx\/index.php\/wp-json\/wp\/v2\/types\/product"}],"replies":[{"embeddable":true,"href":"https:\/\/kalofiber.mx\/index.php\/wp-json\/wp\/v2\/comments?post=1882"}],"wp:featuredmedia":[{"embeddable":true,"href":"https:\/\/kalofiber.mx\/index.php\/wp-json\/wp\/v2\/media\/1884"}],"wp:attachment":[{"href":"https:\/\/kalofiber.mx\/index.php\/wp-json\/wp\/v2\/media?parent=1882"}],"wp:term":[{"taxonomy":"product_cat","embeddable":true,"href":"https:\/\/kalofiber.mx\/index.php\/wp-json\/wp\/v2\/product_cat?post=1882"},{"taxonomy":"product_tag","embeddable":true,"href":"https:\/\/kalofiber.mx\/index.php\/wp-json\/wp\/v2\/product_tag?post=1882"}],"curies":[{"name":"wp","href":"https:\/\/api.w.org\/{rel}","templated":true}]}}